2 = 12, 3*d - 15 = v. Suppose -5*h + 545 + 85 = v. Suppose 5*q = -2*i + 118, -2*i - 3*q + h = -2*q. What is the tens digit of i?
6
Suppose 12*w - 4548 = 528. Let h = 1966 - w. What is the units digit of h?
3
Suppose -9*d + 311007 = 1544 - 111017. What is the thousands digit of d?
6
Suppose -2*f + 158 = -8*k + 6*k, 5*k = -3*f + 221. What is the units digit of 399/f + -5 + (-84)/(-22)?
4
Let b(d) = -3*d + 35. Let c be b(0). Suppose -5*t + c = 2*t. What is the units digit of (1 - t)/((-34)/629)?
4
Suppose 9*k = 139456 + 101348. What is the ten thousands digit of k?
2
Suppose 4*t = 8*t. Suppose t*b = 2*b - 10. Let x(u) = -u**2 + 4*u + 6. What is the units digit of x(b)?
1
Let g = 6164 - -3063. What is the thousands digit of g?
9
Suppose 5*b - 10 = 0, -5*q + 13891 = 15*b - 17*b. What is the hundreds digit of q?
7
Let z(x) = 5*x**3 + 5*x**2 + 6*x + 5. Let q be z(-4). Suppose -3*s + w = 1292, -5*s - 9*w - 2159 = -5*w. Let i = q - s. What is the units digit of i?
2
Let f(v) be the first derivative of 3*v**4/4 - 5*v**3/3 - 15*v**2/2 + 120*v - 23. What is the hundreds digit of f(6)?
4
Suppose 0 = 151*x - 138*x + 26. Let c(s) = 171*s**2 + 9*s - 3. What is the tens digit of c(x)?
6
Let p be -1 + (-4 - -20) - 1. What is the units digit of 1738/5 - p/(-35)?
8
Let j(g) = 2*g**3 - 29*g**2 + 94*g + 11. What is the units digit of j(24)?
1
Let o = -6568 + 14915. What is the units digit of o?
7
Let u = -118983 + 195202. What is the thousands digit of u?
6
Suppose -k - 106 = 5*f, -5*f = -5*k - 0*k - 530. Let p = 172 + 5. Let o = k + p. What is the tens digit of o?
7
Let n = 6957 + -3245. What is the thousands digit of n?
3
Suppose 14*k = 4506 + 53846. What is the tens digit of k?
6
Suppose 68 = 3*n + 56. Suppose x - 4*i - 166 - 568 = 0, 2*i = n*x - 2880. What is the units digit of x?
8
Let b be 34/68 - (-195)/2. Let f = 291 - b. What is the hundreds digit of f?
1
Suppose 24353 = 5*q + 4318. Suppose -13*t + 11612 - q = 0. What is the hundreds digit of t?
5
Let l = -39061 - -49516. What is the ten thousands digit of l?
1
Let s(u) = 4837*u - 581. What is the thousands digit of s(3)?
3
Let k be 4/7*(-175)/50 - -232. Suppose 4*n + 972 = 3*l, 338 = l - n + 13. Let o = l - k. What is the tens digit of o?
9
Let p = -70667 + 151457. What is the units digit of p?
0
Suppose v = -18*c + 19*c - 2, c - 3*v = -2. Suppose 4*z + 4*x - 1844 = 0, c*z + 5*x - 2120 + 271 = 0. What is the hundreds digit of z?
4
Let p = -43050 + 79580. What is the ten thousands digit of p?
3
Let f(a) = 0 + 20 + 25*a - 45. What is the hundreds digit of f(10)?
2
Let l(f) = 489*f - 57. Let b be l(3). Suppose -88*k = -78*k - b. What is the tens digit of k?
4
Let q(m) = -16*m**2 - m + 1. Let i be q(-2). Let r = 66 + i. What is the hundreds digit of (1 - (-154)/r)/(19/95)?
1
Suppose 12 - 1 = 3*m - s, -s = -2*m + 9. Suppose -m*g = 2*g + 60. What is the units digit of ((-290)/g)/((-2)/(-3))?
9
Suppose -6*q + 46*q - 262760 = 0. Suppose 30*p - q = 16711. What is the units digit of p?
6
Let q = -75 + 579. What is the hundreds digit of q?
5
Let x(z) = 2795*z + 5757. What is the hundreds digit of x(5)?
7
What is the thousands digit of -54*((-7840)/15 - 12)?
8
Let m(d) = 5*d**2 - 3*d. Let s be m(-1). Suppose -3727 - 1289 = -s*i. What is the hundreds digit of i?
6
Suppose -185*t = -180*t - 19365 + 4235. What is the hundreds digit of t?
0
Let z = -43648 - -90076. What is the tens digit of z?
2
Let t be 2835/180 - (-6)/(-8). Suppose -130 = 13*q - t*q. What is the units digit of q?
5
Let h = 5500 + -1994. What is the thousands digit of h?
3
What is the thousands digit of ((-80)/60)/((-8)/69780)?
1
Let y(o) = -33*o - 1. Let i be y(-7). Let k(h) = -h**2 + 14*h - 127. Let u be k(7). Let b = u + i. What is the tens digit of b?
5
Let z = 44 + -40. Let q(x) = 12*x**2 - 2*x - 14. What is the hundreds digit of q(z)?
1
Let j be 2/(65/(-20) - -3). Let f be 0/(j + 3) - 0. Suppose -3*d - d - g + 260 = f, -5*d = -5*g - 300. What is the tens digit of d?
6
Let g(i) = -9*i**3 + i**2 + 2*i - 2. Let r be g(2). Let o = r + 71. Suppose -o*b - 71 = -2*x - 0*b, -3*x - 4*b + 164 = 0. What is the units digit of x?
8
Suppose 3*m - 26 = -5. Suppose -3*p - 840 = -m*p. Suppose p = 12*k - 2*k. What is the tens digit of k?
2
Let j be (2 + (-390)/(-3))*(-270)/40. Let f = -540 - j. What is the hundreds digit of f?
3
Suppose -15234 = -2*x - 4*q, -44*x - 5*q = -46*x + 15216. What is the thousands digit of x?
7
What is the units digit of ((-90924)/16)/(-18*14/1680)?
5
Let m(k) = -5*k + 27. Let j be m(11). Let v be (-6)/j*-2 - 352/224. What is the units digit of (20/v)/(((-3)/2)/3)?
0
Suppose -2*j + 16*j - 2324 = 0. Suppose -5*q + 0 + 15 = 0. Suppose q*o - j = -61. What is the tens digit of o?
3
Suppose -16*o = 2*o - 162. Let b(x) = -3*x + 29. Let k be b(o). Suppose 0*g - k*g + 370 = 0. What is the units digit of g?
5
Let x(f) = 6*f**2 - 3*f - 5. Let n be x(-2). Suppose 5*s = 5*v - n, -4*v - 4*s = -6*v + 14. Suppose -5*d = j - 14, v*d + 4 = d. What is the tens digit of j?
2
Suppose 2*i + 2 = -4*u, -11*u = 4*i - 9*u - 14. Suppose 22*s = i*s + 323. What is the units digit of s?
9
Suppose -4*i = -3 + 19. Let u be (-4 - i - -4) + 22. Suppose 21*z = u*z - 505. What is the tens digit of z?
0
Let d = -8830 - -13178. What is the thousands digit of d?
4
What is the ten thousands digit of 3*138*(-15288)/(-252)?
2
Let s = -7805 - -16136. What is the tens digit of s?
3
Let k = 7035 + -4909. Suppose -652 - 411 = -d - 5*o, -5*o = 2*d - k. What is the tens digit of d?
6
Suppose -8*q = -11*q + s + 46, -2*q = -2*s - 32. Suppose q*k = 1142 + 4678. What is the units digit of k?
8
What is the units digit of (21 + (-432852)/(-140))*5/2?
2
Let x = -76 + 84. Suppose -6 = -x*l + 2*l. Let n(u) = 37*u**3 + u**2 - 4*u + 3. What is the tens digit of n(l)?
3
Let x(m) = 55*m + 24. Let l(b) = 111*b + 47. Let j(n) = 3*l(n) - 5*x(n). What is the tens digit of j(7)?
2
Let m(t) = -4*t**2 + 1 + 1 + 0*t**3 - 2*t + 6*t**3. Let f be m(3). Let d = f - 47. What is the units digit of d?
5
Let t(z) = -2*z**2 - 192*z + 21199. What is the tens digit of t(0)?
9
Suppose -3*r + r + 5*m = -18576, -5*m = -4*r + 37122. What is the tens digit of r?
7
Suppose 824*x - 338*x = 395*x + 6884514. What is the ten thousands digit of x?
7
Let c(k) = 3*k - 6. Let v be c(-6). Let z be -22 - -9*4/12. Let n = z - v. What is the units digit of n?
5
Let a(p) = p**3 + 16*p**2 - 3*p + 4. Let y be a(-16). Let t = y - 26. What is the tens digit of t?
2
Let h(q) = -306*q - 4898. Let w be h(-16). Let g be 2/((-1 + 0)*-1). What is the hundreds digit of 2*(w/g + (-141)/(-2))?
1
Let i(l) = 13*l**3 - l**2 - 2*l - 10. Let k be i(-3). What is the hundreds digit of (12 + k + -14)*(-2)/3?
2
Suppose -88*g + 1525250 = -958110. What is the ten thousands digit of g?
2
Let i(z) = -29*z**2 - 9*z + 18. Let w be i(4). What is the tens digit of w/(-6) - 36/27?
7
Let f(z) = 51*z**2 - 10*z + 21. Let k be f(6). Let j = k + -928. What is the tens digit of j?
6
Let a be (25/(-10))/((-3)/24*10). What is the hundreds digit of (5/a*-82)/((-3)/6)?
4
Let m be (-6)/(-12)*-8 - -148. Let r = 221 + m. What is the units digit of r?
5
What is the thousands digit of 982/(((-4)/2)/(5 - 14))?
4
Suppose 8*v = 10*v - 2*f - 15186, 5*v = -2*f + 37986. What is the thousands digit of v?
7
Let u = 26 - 27. Let n be 2/1*u + 5 - -3. What is the tens digit of 2 + 1184/12 + (-4)/n?
0
Suppose -7*m = 25*j - 22*j - 190015, -j = 3*m - 81433. What is the ten thousands digit of m?
2
Suppose 0 = 27*u - 86*u - 71509 + 525042. What is the tens digit of u?
8
Let n(a) = 2*a + 336. Let f(z) = -2*z - 54. Let y be f(-27). What is the hundreds digit of n(y)?
3
Let w(j) = -1297*j + 581. What is the tens digit of w(-5)?
6
Let a = -46 - -53. Let d(t) = -t**3 + 3*t**2 + 27*t + 10. Let s be d(a). Suppose 5*h - 329 = -3*w, h - 16 = -s*h. What is the units digit of w?
3
Let p be 4 - (8/36 + (-1146)/54). Suppose -p*i + 6912 = -4763. What is the units digit of i?
7
Suppose 566*x + 3003191 - 12438977 = 0. What is the hundreds digit of x?
6
Let h(a) = -12*a**3 + 4*a**2 - 3*a - 1. Let s be h(2). Let q = 89 + s. Suppose 6 = -2*r, 0 = 4*f - 3*r - q*r - 627. What is the hundreds digit of f?
1
Suppose -5*f = -3*i + 3359 + 1959, -8915 = -5*i - 2*f. Suppose i = 15*d - 64. Suppose -2*t = d - 363. What 